11
In base 3, what is -10 - -10200?
10120
In base 3, what is 220 - -1011101?
1012021
In base 6, what is -5200 - -2?
-5154
In base 7, what is -46050 - 1?
-46051
In base 12, what is -1a5 - -5?
-1a0
In base 9, what is 5 + 1161?
1166
In base 5, what is 1 - 21?
-20
In base 9, what is 1502 - -1?
1503
In base 13, what is -36 + -3?
-39
In base 3, what is 222 - -102?
1101
In base 9, what is 2671 + 0?
2671
In base 2, what is 11 - 110001011?
-110001000
In base 9, what is -157 + -7?
-165
In base 9, what is -474 + 4?
-470
In base 3, what is 1 + -1001020?
-1001012
In base 14, what is 2 + -267?
-265
In base 5, what is -20221 + 2?
-20214
In base 7, what is 2 - -1163?
1165
In base 7, what is 23 + 2?
25
In base 13, what is -4 + -78?
-7c
In base 15, what is 1 + -15?
-14
In base 4, what is 2 + -113?
-111
In base 2, what is -1101111001 - 10?
-1101111011
In base 14, what is 1 + 2bb?
2bc
In base 14, what is -21b + -17?
-234
In base 5, what is 4 - 13022?
-13013
In base 14, what is -46 - 9d?
-105
In base 13, what is -3 - 3c8?
-3cb
In base 6, what is 35 - -11?
50
In base 3, what is 12 - -210112?
210201
In base 2, what is 10001110000 - 100?
10001101100
In base 2, what is -1001011001111 + 1?
-1001011001110
In base 12, what is 22 - 98?
-76
In base 3, what is -11 - -12?
1
In base 13, what is 59 + 90?
119
In base 13, what is 5 + -a?
-5
In base 4, what is -11132 + -2?
-11200
In base 2, what is 11 - -101000001000?
101000001011
In base 16, what is -1 + ad?
ac
In base 11, what is 3 + 7?
a
In base 8, what is -4 + 53?
47
In base 4, what is -2211 + -2122?
-10333
In base 8, what is -201 - 31?
-232
In base 6, what is 4 + 15155?
15203
In base 15, what is 3d4 - 2?
3d2
In base 10, what is 53 + -56?
-3
In base 13, what is 444a + -2?
4448
In base 5, what is 323 + -4?
314
In base 7, what is 3 + -16?
-13
In base 6, what is -13 + -1?
-14
In base 12, what is -651 + -1?
-652
In base 12, what is 0 + -228?
-228
In base 12, what is 0 - 56?
-56
In base 14, what is 2 - -11c?
120
In base 15, what is 3 + -9?
-6
In base 5, what is 1 - 1222?
-1221
In base 13, what is -a31 - 1?
-a32
In base 12, what is 8 + 17?
23
In base 9, what is 10 + 2?
12
In base 8, what is 167477 + -4?
167473
In base 10, what is -1984 + 3?
-1981
In base 12, what is 0 - 179?
-179
In base 4, what is 10122 - 221?
3301
In base 13, what is 7 - -165?
16c
In base 8, what is -3076 + 4?
-3072
In base 10, what is 2986 - -2?
2988
In base 12, what is -2a6 - 4?
-2aa
In base 16, what is 1c7a - -4?
1c7e
In base 10, what is -3063 + 4?
-3059
In base 14, what is -4 + 28d?
289
In base 7, what is -6 + -55?
-64
In base 6, what is -1 - 1542?
-1543
In base 11, what is -94 - -43?
-51
In base 10, what is 1 - 86?
-85
In base 15, what is 5 + -27a?
-275
In base 6, what is -4 - -2123?
2115
In base 8, what is -36 - 41?
-77
In base 3, what is -11 + 1021201?
1021120
In base 12, what is -5 - 1769?
-1772
In base 9, what is 0 + -47?
-47
In base 2, what is -10101 + -111010?
-1001111
In base 4, what is -10 + 313?
303
In base 10, what is 2504 - 4?
2500
In base 16, what is 9 + 6?
f
In base 12, what is 137 + 0?
137
In base 9, what is 158 - -6?
165
In base 10, what is 1 + 992?
993
In base 8, what is -51 - -452?
401
In base 9, what is -62 - 1?
-63
In base 11, what is a4 + 35?
129
In base 12, what is 3 + -47a?
-477
In base 10, what is -26 - 138?
-164
In base 6, what is -513 - 13?
-530
In base 10, what is -6 - -30?
24
In base 6, what is 54 - -1143?
1241
In base 15, what is 17 + 54?
6b
In base 15, what is -5 + -5ed?
-603
In base 8, what is 74 + 1?
75
In base 9, what is -2 - -1202?
1200
In base 14, what is 6394 - -5?
6399
In base 13, what is -9 + 70a?
701
In base 13, what is -4 - -3a?
36
In base 12, what is -29b - -2?
-299
In base 14, what is 241 + 1?
242
In base 8, what is -3 + 27?
24
In base 15, what is 15 - 5?
10
In base 2, what is 101001000010 + 0?
101001000010
In base 15, what is 5 - -25b?
261
In base 6, what is -130 - -44?
-42
In base 16, what is 20 + 5?
25
In base 7, what is -46 + 510?
431
In base 3, what is -221121 - -100?
-221021
In base 9, what is 517 + -14?
503
In base 9, what is -1 - 102?
-103
In base 3, what is -1 - 1211?
-1212
In base 10, what is -16788 - 0?
-16788
In base 13, what is 3 + 9c8?
9cb
In base 14, what is -48d + 2?
-48b
In base 9, what is 47 + 4?
52
In base 2, what is 1011100110000 - -100?
1011100110100
In base 7, what is 244 - -6?
253
In base 5, what is 3 - -1042?
1100
In base 4, what is 1 - 3?
-2
In base 5, what is 13 + -220?
-202
In base 10, what is 0 + 257?
257
In base 15, what is -2 + a43?
a41
In base 8, what is 653 - 101?
552
In base 5, what is 14104 + 2?
14111
In base 12, what is a6 - 3?
a3
In base 12, what is 1 + 104?
105
In base 5, what is 10 - -1013?
1023
In base 16, what is -21 - -2?
-1f
In base 5, what is -4 - -202040?
202031
In base 8, what is 44 + -26?
16
In base 6, what is -51230 + 2?
-51224
In base 4, what is 1013 + 1133?
2212
In base 9, what is -2 + -125?
-127
In base 12, what is a + -81?
-73
In base 7, what is -1 + -123?
-124
In base 14, what is -222 - -3?
-21d
In base 2, what is 10010011 - -11011?
10101110
In base 7, what is -646 - 3?
-652
In base 11, what is -4 - -2371?
2368
In base 15, what is -47 - -4?
-43
In base 5, what is -241 + 24?
-212
In base 5, what is 102 + -22?
30
In base 6, what is -4512 - -5?
-4503
In base 2, what is -101110000 + -1?
-101110001
In base 4, what is 3 - -113211?
113220
In base 10, what is 54 - -10?
64
In base 3, what is -10010 - -2?
-10001
In base 6, what is 5 - 2402?
-2353
In base 2, what is 10011 - 1?
10010
In base 9, what is 10 + 13?
23
In base 13, what is 0 - 1?
-1
In base 6, what is 130134 + 2?
130140
In base 4, what is 11 + -200012?
-200001
In base 14, what is 26 + a?
32
In base 6, what is 220 + 2?
222
In base 5, what is -12 + 0?
-12
In base 8, what is 264 - -2?
266
In base 9, what is 0 - 22?
-22
In base 10, what is -7 + -11?
-18
In base 14, what is 2c1 - 20?
2a1
In base 11, what is 1636 + 1?
1637
In base 3, what is -21022 + -100?
-21122
In base 13, what is -38 - -5?
-33
In base 12, what is 2b + b?
3a
In base 8, what is 4 - -2321?
2325
In base 4, what is 11 + 102210?
102221
In base 5, what is -1 - 123004?
-123010
In base 16, what is e5e + -5?
e59
In base 15, what is -51 + 1e?
-32
In base 14, what is -4 + c?
8
In base 8, what is -55 - 11?
-66
In base 15, what is 5 - 5?
0
In base 11, what is 3 + -681?
-679
In base 10, what is 3450 - 2?
3448
In base 4, what is -3123232 + 0?
-3123232
In base 4, what is -12 - 23133?
-23211
In base 6, what is 24 + 14?
42
In base 2, what is -101100110 - -100?
-101100010
In base 6, what is 2412 - 5?
2403
In base 5, what is 3 + 4411?
4414
In base 11, what is 0 + 1?
1
In base 14, what is 2 + 661?
663
In base 14, what is 119 + -18?
101
In base 14, what is -b - -2?
-9
In base 7, what is -1326 - 1?
-1330
In base 7, what is 40 + 2?
42
In base 14, what is d + 1a?
29
In base 8, what is 3 + -10?
-5
In base 11, what is -31 - 158?
-189
In base 8, what is 32 - 135?
-103
In base 16, what is 3 - 56?
-53
In base 3, what is -2 - 121212?
-121221
In base 13, what is 1c02 - -1?
1c03
In base 10, what is -3866 + 5?
-3861
In base 16, what is 7 + -2?
5
In base 4, what is 102 + -1002?
-300
In base 2, what is -10 - -11101100?
11101010
In base 12, what is 518 + 4?
520
In base 10, what is -9 + 107?
98
In base 6, what is -103414 - 5?
-103423
In base 4, what is -1 - -3212?
3211
In base 16, what is 3b + -f6?
-bb
In base 14, what is 4 + -21?
-1b
In base 4, what is 110201 - -3?
110210
In base 3, what is 11 - -12122?
12210
In base 5, what is -2 + 200013?
200011
In base 2, what is 110000 + 10?
110010
In base 15, what is 3 - 918?
-915
In base 6, what is -2 - -53?
51
In base 10, what is 5344 + -5?
5339
In base 9, what is 1147 - 5?
1142
In base 14, what is -17 - 2?
-19
In base 4, what is -13 + 120?
101
In base 12, what is -17 + 2?
-15
In base 13, what is -16 - 2a2?
-2b8
In base 13, what is 4 + acb?
b02
In base 4, what is -322012 - -1?
-322011
In base 7, what is -1 + -11?
-12
In base 3, what is -122200 - -2?
-122121
In base 15, what is -3d - 0?
-3d
In base 11, what is 54 - -2?
56
In base 2, what is 10110 - -1101?
100011
In base 16, what is -5 + -b2?
-b7
In base 7, what is 255 + -10?
245
In base 6, what is 20212 + 0?
20212
In base 12, what is -44 - 0?
-44
In base 11, what is 16 - -1a?
35
In base 13, what i